{"id":31,"date":"2015-10-05T14:02:02","date_gmt":"2015-10-05T12:02:02","guid":{"rendered":"http:\/\/www.samtala.nu\/?page_id=31"},"modified":"2016-08-09T12:35:45","modified_gmt":"2016-08-09T10:35:45","slug":"tjanster","status":"publish","type":"page","link":"https:\/\/www.samtala.nu\/index.php\/tjanster\/","title":{"rendered":"Tj\u00e4nster"},"content":{"rendered":"<div class=\"fusion-one-fourth fusion-layout-column fusion-spacing-yes\" style=\"margin-top:0px;margin-bottom:20px;\"><div class=\"fusion-column-wrapper\"><div class=\"fusion-clearfix\"><\/div><\/div><\/div><div class=\"fusion-one-half fusion-layout-column fusion-spacing-yes\" style=\"margin-top:0px;margin-bottom:1px;\"><div class=\"fusion-column-wrapper\"><div class=\"fusion-content-boxes content-boxes columns fusion-columns-2 fusion-columns-total-2 fusion-content-boxes-1 content-boxes-icon-on-top row content-left\" data-animationOffset=\"100%\" style=\"margin-top:0px;margin-bottom:10px;\"><style type=\"text\/css\" scoped=\"scoped\">.fusion-content-boxes-1 .heading h2{color:#828282;}\n\t\t\t.fusion-content-boxes-1 .fusion-content-box-hover .link-area-link-icon-hover .heading h2,\n\t\t\t.fusion-content-boxes-1 .fusion-content-box-hover .link-area-link-icon-hover .heading .heading-link h2,\n\t\t\t.fusion-content-boxes-1 .fusion-content-box-hover .link-area-box-hover .heading h2,\n\t\t\t.fusion-content-boxes-1 .fusion-content-box-hover .link-area-box-hover .heading .heading-link h2,\n\t\t\t.fusion-content-boxes-1 .fusion-content-box-hover .link-area-link-icon-hover.link-area-box .fusion-read-more,\n\t\t\t.fusion-content-boxes-1 .fusion-content-box-hover .link-area-link-icon-hover.link-area-box .fusion-read-more::after,\n\t\t\t.fusion-content-boxes-1 .fusion-content-box-hover .link-area-link-icon-hover.link-area-box .fusion-read-more::before,\n\t\t\t.fusion-content-boxes-1 .fusion-content-box-hover .fusion-read-more:hover:after,\n\t\t\t.fusion-content-boxes-1 .fusion-content-box-hover .fusion-read-more:hover:before,\n\t\t\t.fusion-content-boxes-1 .fusion-content-box-hover .fusion-read-more:hover,\n\t\t\t.fusion-content-boxes-1 .fusion-content-box-hover .link-area-box-hover.link-area-box .fusion-read-more,\n\t\t\t.fusion-content-boxes-1 .fusion-content-box-hover .link-area-box-hover.link-area-box .fusion-read-more::after,\n\t\t\t.fusion-content-boxes-1 .fusion-content-box-hover .link-area-box-hover.link-area-box .fusion-read-more::before,\n\t\t\t.fusion-content-boxes-1 .fusion-content-box-hover .link-area-link-icon-hover .icon .circle-no,\n\t\t\t.fusion-content-boxes-1 .fusion-content-box-hover .link-area-box-hover .icon .circle-no {\n\t\t\t\tcolor: #e9a825 !important;\n\t\t\t}\n\t\t\t.fusion-content-boxes-1 .fusion-content-box-hover .heading-link:hover .icon i.circle-yes,\n\t\t\t.fusion-content-boxes-1 .fusion-content-box-hover .link-area-box:hover .heading-link .icon i.circle-yes,\n\t\t\t.fusion-content-boxes-1 .fusion-content-box-hover .link-area-link-icon-hover .heading .icon i.circle-yes,\n\t\t\t.fusion-content-boxes-1 .fusion-content-box-hover .link-area-box-hover .heading .icon i.circle-yes {\n\t\t\t\tbackground-color: #e9a825 !important;\n\t\t\t\tborder-color: #e9a825 !important;\n\t\t\t}<\/style><div class=\"fusion-column content-box-column content-box-column-1 col-lg-6 col-md-6 col-sm-6 fusion-content-box-hover content-box-column-first-in-row\"><div class=\"col content-wrapper link-area-box link-type-text icon-hover-animation-fade\" style=\"background-color:rgba(255,255,255,0);\" data-link=\"http:\/\/www.samtala.nu\/index.php\/tjanster\/personliga-samtal\/\" data-link-target=\"_self\"><div class=\"heading heading-with-icon icon-left\"><a class=\"heading-link\" href=\"http:\/\/www.samtala.nu\/index.php\/tjanster\/personliga-samtal\/\" target=\"_self\"><div class=\"icon\"><i style=\"border-color:#828282;border-width:1px;background-color:#a5a5a5;height:42px;width:42px;line-height:42px;border-radius:50%;color:#ffffff;font-size:21px;\" class=\"fa fontawesome-icon fa-comment-o circle-yes\"><\/i><\/div><h2 class=\"content-box-heading\" style=\"font-size: 18px;line-height:23px;\">Personliga samtal<\/h2><\/a><\/div><div class=\"fusion-clearfix\"><\/div><div class=\"content-container\" style=\"color:#747474;\"><\/div><\/div><\/div><div class=\"fusion-column content-box-column content-box-column-2 col-lg-6 col-md-6 col-sm-6 fusion-content-box-hover content-box-column-last content-box-column-last-in-row\"><div class=\"col content-wrapper link-area-box link-type-text icon-hover-animation-fade\" style=\"background-color:rgba(255,255,255,0);\" data-link=\"http:\/\/www.samtala.nu\/index.php\/tjanster\/gruppsamtalworkshop\/\" data-link-target=\"_self\"><div class=\"heading heading-with-icon icon-left\"><a class=\"heading-link\" href=\"http:\/\/www.samtala.nu\/index.php\/tjanster\/gruppsamtalworkshop\/\" target=\"_self\"><div class=\"icon\"><i style=\"border-color:#828282;border-width:1px;background-color:#a5a5a5;height:42px;width:42px;line-height:42px;border-radius:50%;color:#ffffff;font-size:21px;\" class=\"fa fontawesome-icon fa-comments-o circle-yes\"><\/i><\/div><h2 class=\"content-box-heading\" style=\"font-size: 18px;line-height:23px;\">Gruppsamtal\/workshop<\/h2><\/a><\/div><div class=\"fusion-clearfix\"><\/div><div class=\"content-container\" style=\"color:#747474;\"><\/div><\/div><\/div><div class=\"fusion-clearfix\"><\/div><div class=\"fusion-clearfix\"><\/div><\/div><div class=\"fusion-clearfix\"><\/div><\/div><\/div><div class=\"fusion-one-fourth fusion-layout-column fusion-column-last fusion-spacing-yes\" style=\"margin-top:0px;margin-bottom:20px;\"><div class=\"fusion-column-wrapper\"><div class=\"fusion-clearfix\"><\/div><\/div><\/div><div class=\"fusion-clearfix\"><\/div><div class=\"fusion-one-full fusion-layout-column fusion-column-last fusion-spacing-yes\" style=\"margin-top:30px;margin-bottom:20px;\"><div class=\"fusion-column-wrapper\"><style type='text\/css'>.reading-box-container-1 .element-bottomshadow:before,.reading-box-container-1 .element-bottomshadow:after{opacity:0.7;}<\/style><div class=\"fusion-reading-box-container reading-box-container-1\" style=\"margin-top:0px;margin-bottom:84px;\"><div class=\"reading-box\" style=\"background-color:#f6f6f6;border-width:1px;border-color:#f6f6f6;border-top-width:3px;border-top-color:#e9a825;border-style:solid;\"><div class=\"reading-box-additional\">Det\u00a0som k\u00e4nnetecknar de samtal som\u00a0erbjuds p\u00e5 samtala.nu \u00e4r att de alla \u00e4r utforskande, dvs. de utg\u00e5r ifr\u00e5n och str\u00e4var efter \u00f6msesidig respekt, nyfikenhet, \u00f6ppen\u00adhet och att tillsammans f\u00f6ruts\u00e4ttningsl\u00f6st s\u00f6ka f\u00f6rst\u00e5, l\u00e4ra och f\u00f6rundras.<\/p>\n<p>Utforskande samtal \u00e4r beroende av en f\u00f6ruts\u00e4ttningsl\u00f6s \u00f6ppenhet som g\u00f6r att det inte finns n\u00e5gra f\u00e4rdiga svar eller garanterade resultat. I utforskande samtal finns det heller ingen \u201dexpert\u201d, bara vanliga m\u00e4nniskor med egna unika erfarenheter och perspektiv och som tillsammans kan skapa n\u00e5got st\u00f6rre \u00e4n de sj\u00e4lva genom samtalet. I samtalen ligger fokus p\u00e5 att utveckla en \u00f6msesidig n\u00e4rvaro genom aktivt lyssnande och gemensamt utforskande av olika perspektiv.<\/p>\n<p>H\u00e4r erbjuds flera\u00a0former av samtal som p\u00e5 olika s\u00e4tt tar sin utg\u00e5ngspunkt i detta.\u00a0Vilken struktur och samtalsmetod som sedan passar b\u00e4st f\u00f6r dig i din situation \u00e4r beroende p\u00e5 vad du har f\u00f6r m\u00e5l med samtalet.<\/p>\n<p>Ta g\u00e4rna kontakt s\u00e5 kan vi diskutera oss fram till ett uppl\u00e4gg som passar just\u00a0dig.<\/div><\/div><\/div><div class=\"fusion-clearfix\"><\/div><\/div><\/div><div class=\"fusion-clearfix\"><\/div>\n","protected":false},"excerpt":{"rendered":"","protected":false},"author":1,"featured_media":0,"parent":0,"menu_order":0,"comment_status":"closed","ping_status":"closed","template":"","meta":{"footnotes":"","_links_to":"","_links_to_target":""},"class_list":["post-31","page","type-page","status-publish","hentry"],"_links":{"self":[{"href":"https:\/\/www.samtala.nu\/index.php\/wp-json\/wp\/v2\/pages\/31","targetHints":{"allow":["GET"]}}],"collection":[{"href":"https:\/\/www.samtala.nu\/index.php\/wp-json\/wp\/v2\/pages"}],"about":[{"href":"https:\/\/www.samtala.nu\/index.php\/wp-json\/wp\/v2\/types\/page"}],"author":[{"embeddable":true,"href":"https:\/\/www.samtala.nu\/index.php\/wp-json\/wp\/v2\/users\/1"}],"replies":[{"embeddable":true,"href":"https:\/\/www.samtala.nu\/index.php\/wp-json\/wp\/v2\/comments?post=31"}],"version-history":[{"count":17,"href":"https:\/\/www.samtala.nu\/index.php\/wp-json\/wp\/v2\/pages\/31\/revisions"}],"predecessor-version":[{"id":253,"href":"https:\/\/www.samtala.nu\/index.php\/wp-json\/wp\/v2\/pages\/31\/revisions\/253"}],"wp:attachment":[{"href":"https:\/\/www.samtala.nu\/index.php\/wp-json\/wp\/v2\/media?parent=31"}],"curies":[{"name":"wp","href":"https:\/\/api.w.org\/{rel}","templated":true}]}}